{"id":79,"date":"2019-06-14T06:22:36","date_gmt":"2019-06-14T06:22:36","guid":{"rendered":"http:\/\/taucheninschmelz.de\/?page_id=79"},"modified":"2026-03-12T21:34:46","modified_gmt":"2026-03-12T21:34:46","slug":"aktuelles","status":"publish","type":"page","link":"https:\/\/taucheninschmelz.de\/?page_id=79","title":{"rendered":"Aktuelles"},"content":{"rendered":"\n<h2 class=\"wp-block-heading has-text-align-center\">Ausschreibung Schuttern 2026<\/h2>\n\n\n\n<div class=\"wp-block-file\"><a id=\"wp-block-file--media-c768e9db-1cdc-4b7a-9d1d-1df21deb0a7a\" href=\"https:\/\/taucheninschmelz.de\/wp-content\/uploads\/2026\/03\/Ausschreibung_Schuttern2026.pdf\">Ausschreibung_Schuttern2026<\/a><a href=\"https:\/\/taucheninschmelz.de\/wp-content\/uploads\/2026\/03\/Ausschreibung_Schuttern2026.pdf\" class=\"wp-block-file__button wp-element-button\" download aria-describedby=\"wp-block-file--media-c768e9db-1cdc-4b7a-9d1d-1df21deb0a7a\">Herunterladen<\/a><\/div>\n\n\n\n<h2 class=\"wp-block-heading has-text-align-center\">Ausschreibung Antauchen 2026<\/h2>\n\n\n\n<div class=\"wp-block-file\"><a id=\"wp-block-file--media-4a10d9c1-2e9d-48bd-ab6a-14e666ef80df\" href=\"https:\/\/taucheninschmelz.de\/wp-content\/uploads\/2026\/03\/Ausschreibung_Antauchen2026.pdf\">Ausschreibung_Antauchen2026<\/a><a href=\"https:\/\/taucheninschmelz.de\/wp-content\/uploads\/2026\/03\/Ausschreibung_Antauchen2026.pdf\" class=\"wp-block-file__button wp-element-button\" download aria-describedby=\"wp-block-file--media-4a10d9c1-2e9d-48bd-ab6a-14e666ef80df\">Herunterladen<\/a><\/div>\n\n\n\n<h2 class=\"wp-block-heading has-text-align-center\">Ausschreibung Abtauchen 2025<\/h2>\n\n\n\n<div class=\"wp-block-file\"><a id=\"wp-block-file--media-7a75381b-0a89-4575-86a8-d00f654e6140\" href=\"https:\/\/taucheninschmelz.de\/wp-content\/uploads\/2025\/09\/Ausschreibung_Abtauchen2025.pdf\">Ausschreibung_Abtauchen2025<\/a><a href=\"https:\/\/taucheninschmelz.de\/wp-content\/uploads\/2025\/09\/Ausschreibung_Abtauchen2025.pdf\" class=\"wp-block-file__button wp-element-button\" download aria-describedby=\"wp-block-file--media-7a75381b-0a89-4575-86a8-d00f654e6140\">Herunterladen<\/a><\/div>\n\n\n\n<h2 class=\"wp-block-heading has-text-align-center\">Ausschreibung Schuttern 2025<\/h2>\n\n\n\n<div class=\"wp-block-file\"><a id=\"wp-block-file--media-576442dc-3d17-406e-bd80-48f1af97514f\" href=\"https:\/\/taucheninschmelz.de\/wp-content\/uploads\/2025\/02\/Ausschreibung_Schuttern2025.pdf\">Ausschreibung_Schuttern2025<\/a><a href=\"https:\/\/taucheninschmelz.de\/wp-content\/uploads\/2025\/02\/Ausschreibung_Schuttern2025.pdf\" class=\"wp-block-file__button wp-element-button\" download aria-describedby=\"wp-block-file--media-576442dc-3d17-406e-bd80-48f1af97514f\">Herunterladen<\/a><\/div>\n\n\n\n<h2 class=\"wp-block-heading has-text-align-center\">Ausschreibung Antauchen 2025<\/h2>\n\n\n\n<div class=\"wp-block-file\"><a id=\"wp-block-file--media-576442dc-3d17-406e-bd80-48f1af97514f\" href=\"https:\/\/taucheninschmelz.de\/wp-content\/uploads\/2025\/02\/Ausschreibung-Antauchen-2025.pdf\">Ausschreibung-Antauchen-2025<\/a><a href=\"https:\/\/taucheninschmelz.de\/wp-content\/uploads\/2025\/02\/Ausschreibung-Antauchen-2025.pdf\" class=\"wp-block-file__button wp-element-button\" download aria-describedby=\"wp-block-file--media-576442dc-3d17-406e-bd80-48f1af97514f\">Herunterladen<\/a><\/div>\n\n\n\n<h2 class=\"wp-block-heading has-text-align-center\">Einladung zur Mitgliederversammlung 2024<\/h2>\n\n\n\n<div class=\"wp-block-file\"><a id=\"wp-block-file--media-576442dc-3d17-406e-bd80-48f1af97514f\" href=\"https:\/\/taucheninschmelz.de\/wp-content\/uploads\/2024\/08\/Einladung-MV-16.09.2024.pdf\">Einladung-MV-16.09.2024<\/a><a href=\"https:\/\/taucheninschmelz.de\/wp-content\/uploads\/2024\/08\/Einladung-MV-16.09.2024.pdf\" class=\"wp-block-file__button wp-element-button\" download aria-describedby=\"wp-block-file--media-576442dc-3d17-406e-bd80-48f1af97514f\">Herunterladen<\/a><\/div>\n\n\n\n<h2 class=\"wp-block-heading has-text-align-center\">Ausschreibung Tagesfahrt Hunsfels 14.09.2024<\/h2>\n\n\n\n<div class=\"wp-block-file\"><a id=\"wp-block-file--media-7e790985-5843-4846-a819-a0e2e4352d7e\" href=\"https:\/\/taucheninschmelz.de\/wp-content\/uploads\/2024\/08\/Ausschreibung_Hunsfels_Sep24.pdf\">Ausschreibung_Hunsfels_Sep24<\/a><a href=\"https:\/\/taucheninschmelz.de\/wp-content\/uploads\/2024\/08\/Ausschreibung_Hunsfels_Sep24.pdf\" class=\"wp-block-file__button wp-element-button\" download aria-describedby=\"wp-block-file--media-7e790985-5843-4846-a819-a0e2e4352d7e\">Herunterladen<\/a><\/div>\n\n\n\n<h2 class=\"wp-block-heading has-text-align-center\">Ausschreibung Abtauchen 2024<\/h2>\n\n\n\n<div class=\"wp-block-file\"><a id=\"wp-block-file--media-62fdc81d-4c46-4489-a951-d20fd0bb1a84\" href=\"https:\/\/taucheninschmelz.de\/wp-content\/uploads\/2024\/08\/Ausschreibung_Abtauchen2024.pdf\">Ausschreibung_Abtauchen2024<\/a><a href=\"https:\/\/taucheninschmelz.de\/wp-content\/uploads\/2024\/08\/Ausschreibung_Abtauchen2024.pdf\" class=\"wp-block-file__button wp-element-button\" download aria-describedby=\"wp-block-file--media-62fdc81d-4c46-4489-a951-d20fd0bb1a84\">Herunterladen<\/a><\/div>\n\n\n\n<h2 class=\"wp-block-heading has-text-align-center\">Ausschreibung Antauchen 2024<\/h2>\n\n\n\n<div class=\"wp-block-file\"><a id=\"wp-block-file--media-d1aaf10a-0c2e-420a-b0af-2e9e1bec821b\" href=\"https:\/\/taucheninschmelz.de\/wp-content\/uploads\/2024\/03\/Ausschreibung_Antauchen2024.pdf\">Ausschreibung Antauchen 2024<\/a><a href=\"https:\/\/taucheninschmelz.de\/wp-content\/uploads\/2024\/03\/Ausschreibung_Antauchen2024.pdf\" class=\"wp-block-file__button wp-element-button\" download aria-describedby=\"wp-block-file--media-d1aaf10a-0c2e-420a-b0af-2e9e1bec821b\">Herunterladen<\/a><\/div>\n\n\n\n<h2 class=\"wp-block-heading has-text-align-center\">Ausschreibung Schuttern 2024<\/h2>\n\n\n\n<div class=\"wp-block-file\"><a id=\"wp-block-file--media-e699a0c1-d7db-491a-80bb-b8c3a2b19a3f\" href=\"https:\/\/taucheninschmelz.de\/wp-content\/uploads\/2024\/01\/Ausschreibung_Schuttern2024_mitAnhang.pdf\">Ausschreibung Schuttern 2024<\/a><a href=\"https:\/\/taucheninschmelz.de\/wp-content\/uploads\/2024\/01\/Ausschreibung_Schuttern2024_mitAnhang.pdf\" class=\"wp-block-file__button wp-element-button\" download aria-describedby=\"wp-block-file--media-e699a0c1-d7db-491a-80bb-b8c3a2b19a3f\">Herunterladen<\/a><\/div>\n\n\n\n<h2 class=\"wp-block-heading has-text-align-center\">Mitgliederversammlung der SG Schmelz am 24.11.2023<\/h2>\n\n\n\n<div class=\"wp-block-file\"><a id=\"wp-block-file--media-9cdebe33-2ddc-4b8d-af9e-b1a8772bef2f\" href=\"https:\/\/taucheninschmelz.de\/wp-content\/uploads\/2023\/11\/E-2023.pdf\">Einladung MV SG Schmelz 2023<\/a><a href=\"https:\/\/taucheninschmelz.de\/wp-content\/uploads\/2023\/11\/E-2023.pdf\" class=\"wp-block-file__button wp-element-button\" download aria-describedby=\"wp-block-file--media-9cdebe33-2ddc-4b8d-af9e-b1a8772bef2f\">Herunterladen<\/a><\/div>\n\n\n\n<h2 class=\"wp-block-heading has-text-align-center\">Bericht zur Vereinsfahrt nach Schuttern<\/h2>\n\n\n\n<p class=\"has-text-align-center\">Hier geht es zum Bericht:<\/p>\n\n\n\n<div class=\"wp-block-buttons is-content-justification-center is-layout-flex wp-container-core-buttons-layout-1 wp-block-buttons-is-layout-flex\">\n<div class=\"wp-block-button\"><a class=\"wp-block-button__link has-text-align-center wp-element-button\" href=\"https:\/\/taucheninschmelz.de\/?page_id=798#Schuttern2023\">Blog &#8211; Schuttern 2023<\/a><\/div>\n<\/div>\n\n\n\n<h2 class=\"wp-block-heading has-text-align-center\">Vereinstauchen im Juni: Tagesfahrt nach Gravi\u00e8re du Fort 24.06.2023<\/h2>\n\n\n\n<div class=\"wp-block-file\"><a id=\"wp-block-file--media-5136d454-2d96-46ce-80a2-523d5e2bf7e0\" href=\"https:\/\/taucheninschmelz.de\/wp-content\/uploads\/2023\/05\/Ausschreibung-Graviere-24.06.23.pdf\">Ausschreibung-Graviere-24.06.23<\/a><a href=\"https:\/\/taucheninschmelz.de\/wp-content\/uploads\/2023\/05\/Ausschreibung-Graviere-24.06.23.pdf\" class=\"wp-block-file__button wp-element-button\" download aria-describedby=\"wp-block-file--media-5136d454-2d96-46ce-80a2-523d5e2bf7e0\">Herunterladen<\/a><\/div>\n\n\n\n<h2 class=\"wp-block-heading has-text-align-center\">Mitgliederversammlung der Abteilung Tauchen<\/h2>\n\n\n\n<div class=\"wp-block-file\"><a id=\"wp-block-file--media-f4b5b382-28f0-431c-a12d-58e00f07d197\" href=\"https:\/\/taucheninschmelz.de\/wp-content\/uploads\/2023\/04\/Einladung-Mitgliederversammlung-2023.pdf\">Einladung-Mitgliederversammlung-2023<\/a><a href=\"https:\/\/taucheninschmelz.de\/wp-content\/uploads\/2023\/04\/Einladung-Mitgliederversammlung-2023.pdf\" class=\"wp-block-file__button wp-element-button\" download aria-describedby=\"wp-block-file--media-f4b5b382-28f0-431c-a12d-58e00f07d197\">Herunterladen<\/a><\/div>\n\n\n\n<h2 class=\"wp-block-heading has-text-align-center\">Ausschreibung Antauchen 2023 mit Tauchertaufe<\/h2>\n\n\n\n<div class=\"wp-block-file\"><a id=\"wp-block-file--media-e5d47e41-dedd-46b2-a67c-8341ee0562e2\" href=\"https:\/\/taucheninschmelz.de\/wp-content\/uploads\/2023\/04\/Ausschreibung-Antauchen-2023.pdf\">Ausschreibung-Antauchen-2023<\/a><a href=\"https:\/\/taucheninschmelz.de\/wp-content\/uploads\/2023\/04\/Ausschreibung-Antauchen-2023.pdf\" class=\"wp-block-file__button wp-element-button\" download aria-describedby=\"wp-block-file--media-e5d47e41-dedd-46b2-a67c-8341ee0562e2\">Herunterladen<\/a><\/div>\n\n\n\n<p>Anmeldeschluss: 22.04.2023<\/p>\n\n\n\n<h2 class=\"wp-block-heading has-text-align-center\">Ausschreibung Kompressor-Seminar am 04.03.2023<\/h2>\n\n\n\n<div class=\"wp-block-file\"><a id=\"wp-block-file--media-2e5a81c2-afd7-456f-836d-bafa52f206c2\" href=\"https:\/\/taucheninschmelz.de\/wp-content\/uploads\/2023\/02\/Ausschreibung-Seminar-Kompressor.pdf\">Ausschreibung-Seminar-Kompressor<\/a><a href=\"https:\/\/taucheninschmelz.de\/wp-content\/uploads\/2023\/02\/Ausschreibung-Seminar-Kompressor.pdf\" class=\"wp-block-file__button wp-element-button\" download aria-describedby=\"wp-block-file--media-2e5a81c2-afd7-456f-836d-bafa52f206c2\">Herunterladen<\/a><\/div>\n\n\n\n<p>Anmeldeschluss: 18.02.2023<\/p>\n\n\n\n<h2 class=\"wp-block-heading has-text-align-center\"><mark style=\"background-color:#3bc492\" class=\"has-inline-color has-black-color\">Ausschreibung Schuttern-Fahrt 2023<\/mark><\/h2>\n\n\n\n<div class=\"wp-block-file\"><a id=\"wp-block-file--media-8e6258f3-1660-4d45-9d89-5a64ffce2349\" href=\"https:\/\/taucheninschmelz.de\/wp-content\/uploads\/2023\/01\/Ausschreibung-Schuttern-2023-mit-Anhang.pdf\">Ausschreibung Schuttern 2023 mit Anhang<\/a><a href=\"https:\/\/taucheninschmelz.de\/wp-content\/uploads\/2023\/01\/Ausschreibung-Schuttern-2023-mit-Anhang.pdf\" class=\"wp-block-file__button wp-element-button\" download aria-describedby=\"wp-block-file--media-8e6258f3-1660-4d45-9d89-5a64ffce2349\">Herunterladen<\/a><\/div>\n\n\n\n<p>Anmeldeschluss: 30.04.2023<\/p>\n\n\n\n<h2 class=\"wp-block-heading has-text-align-center\">Einladung zum Neujahrsempfang 2023<\/h2>\n\n\n\n<div class=\"wp-block-file\"><a id=\"wp-block-file--media-acc56e68-5a19-488e-9301-ccda78eeb5c9\" href=\"https:\/\/taucheninschmelz.de\/wp-content\/uploads\/2022\/12\/Einladung-Neujahrsempfang-2023.pdf\">Einladung Neujahrsempfang 2023<\/a><a href=\"https:\/\/taucheninschmelz.de\/wp-content\/uploads\/2022\/12\/Einladung-Neujahrsempfang-2023.pdf\" class=\"wp-block-file__button wp-element-button\" download aria-describedby=\"wp-block-file--media-acc56e68-5a19-488e-9301-ccda78eeb5c9\">Herunterladen<\/a><\/div>\n\n\n\n<p>Anmeldeschluss: 16.01.2023<\/p>\n\n\n\n<h2 class=\"wp-block-heading has-text-align-center\">Transponder f\u00fcr den Zugang zum Stausee Losheim<\/h2>\n\n\n\n<p>Wir haben nun endlich den Transponder f\u00fcr den Zugang zum Stausee Losheim erhalten. Die Entleihung l\u00e4uft \u00fcber unsere Ger\u00e4tewartin Tanja Schaeidt. Bei Fragen hierzu k\u00f6nnt ihr euch bei Tanja oder Jonas gerne melden.<\/p>\n\n\n\n<h2 class=\"wp-block-heading has-text-align-center\">Bericht zum Abtauchen 2022<\/h2>\n\n\n\n<p>Bei Kaiserwetter fand am 22.10.2022 unser Abtauchen statt.<br>Im gesamten waren sieben Taucher, darunter der Pr\u00e4sident des Saarl\u00e4ndischen Tauchsportbundes (STSB) Gunter Daniel, im 14 Grad k\u00fchlen Losheimer Stausee (Oberfl\u00e4chentemperatur) tauchen. Die Sicht im Stausee war gut und unsere Taucher hatten viel Spa\u00df.<br>Nach den Tauchg\u00e4ngen sa\u00dfen wir gemeinsam mit unseren Besuchern\/ Nichttauchern bei Kaffee\/Tee und Kuchen am See.<\/p>\n\n\n\n<p>Gegen 18:00 Uhr herrschte allgemeine Aufbruchstimmung und wir machten uns auf den Weg zum Restaurant.<br>Dort begr\u00fc\u00dfte uns Jonas mit einer kleinen Rede und \u00fcbergab das Wort an den STSB Pr\u00e4sidenten, der die Ehrennadel in Gold an Klaus Strauch \u00fcberreichte.<br>Klaus nahm die Ehrennadel entgegen und bedankte sich mit den Worten, dass ihm alleine die Ehre nicht geb\u00fchrt, denn ohne die Hilfe besonderer Menschen, ohne ein Team, das hinter ihm stand und zum Wohle der Gemeinschaft handelte, h\u00e4tte er den Verein nicht aufbauen und f\u00fchren k\u00f6nnen.<\/p>\n\n\n\n<p>Auch hier nochmal von uns allen: Ein herzliches Dankesch\u00f6n, Klaus.<\/p>\n\n\n\n<p>Nach dem \u00f6ffentlichen Teil lie\u00dfen wir den sch\u00f6nen Tag bei leckerem Essen\/Getr\u00e4nken und guten Gespr\u00e4chen ausklingen.<\/p>\n\n\n\n<p><\/p>\n\n\n\n<p>Tanja Schaeidt, Schriftf\u00fchrerin<\/p>\n\n\n\n<h2 class=\"wp-block-heading has-text-align-center\">Mitgliederversammlung der SG-Schmelz am 13.10.2022<\/h2>\n\n\n\n<div class=\"wp-block-file\"><a id=\"wp-block-file--media-9354a84d-8a96-4181-aa7d-7a64029be7a2\" href=\"https:\/\/taucheninschmelz.de\/wp-content\/uploads\/2022\/09\/Mitgliederversammlung-SG-Schmelz-13.10.2022.pdf\">Mitgliederversammlung SG Schmelz 13.10.2022<\/a><a href=\"https:\/\/taucheninschmelz.de\/wp-content\/uploads\/2022\/09\/Mitgliederversammlung-SG-Schmelz-13.10.2022.pdf\" class=\"wp-block-file__button wp-element-button\" download aria-describedby=\"wp-block-file--media-9354a84d-8a96-4181-aa7d-7a64029be7a2\">Herunterladen<\/a><\/div>\n\n\n\n<h2 class=\"wp-block-heading has-text-align-center\">Tagesfahrt nach Liefrange am 01.10.2022<\/h2>\n\n\n\n<div class=\"wp-block-file\"><a id=\"wp-block-file--media-327d442b-3f50-4037-9672-277aaf39beb9\" href=\"https:\/\/taucheninschmelz.de\/wp-content\/uploads\/2022\/09\/Ausschreibung_Liefrange_01.10.2022.pdf\">Ausschreibung Liefrange 01.10.2022<\/a><a href=\"https:\/\/taucheninschmelz.de\/wp-content\/uploads\/2022\/09\/Ausschreibung_Liefrange_01.10.2022.pdf\" class=\"wp-block-file__button wp-element-button\" download aria-describedby=\"wp-block-file--media-327d442b-3f50-4037-9672-277aaf39beb9\">Herunterladen<\/a><\/div>\n\n\n\n<h2 class=\"wp-block-heading has-text-align-center\">Abtauchen am 22.10.2022<\/h2>\n\n\n\n<div class=\"wp-block-file\"><a id=\"wp-block-file--media-3216c1e3-884c-427e-bb1a-b65f3cd6553e\" href=\"https:\/\/taucheninschmelz.de\/wp-content\/uploads\/2022\/09\/Ausschreibung_Abtauchen2022.pdf\">Ausschreibung Abtauchen 2022<\/a><a href=\"https:\/\/taucheninschmelz.de\/wp-content\/uploads\/2022\/09\/Ausschreibung_Abtauchen2022.pdf\" class=\"wp-block-file__button wp-element-button\" download aria-describedby=\"wp-block-file--media-3216c1e3-884c-427e-bb1a-b65f3cd6553e\">Herunterladen<\/a><\/div>\n\n\n\n<h2 class=\"wp-block-heading has-text-align-center\">Aktualisierte Empfehlungen zur Wiedererteilung der Tauchtauglichkeit nach einer Infektion mit SARS-CoV2<\/h2>\n\n\n\n<figure class=\"wp-block-image alignwide size-large\"><img loading=\"lazy\" decoding=\"async\" width=\"1024\" height=\"564\" src=\"https:\/\/taucheninschmelz.de\/wp-content\/uploads\/2022\/08\/Screenshot-2022-08-03-092938-1024x564.png\" alt=\"\" class=\"wp-image-390\" srcset=\"https:\/\/taucheninschmelz.de\/wp-content\/uploads\/2022\/08\/Screenshot-2022-08-03-092938-1024x564.png 1024w, https:\/\/taucheninschmelz.de\/wp-content\/uploads\/2022\/08\/Screenshot-2022-08-03-092938-300x165.png 300w, https:\/\/taucheninschmelz.de\/wp-content\/uploads\/2022\/08\/Screenshot-2022-08-03-092938-768x423.png 768w, https:\/\/taucheninschmelz.de\/wp-content\/uploads\/2022\/08\/Screenshot-2022-08-03-092938-508x280.png 508w, https:\/\/taucheninschmelz.de\/wp-content\/uploads\/2022\/08\/Screenshot-2022-08-03-092938.png 1120w\" sizes=\"(max-width: 1024px) 100vw, 1024px\" \/><\/figure>\n\n\n\n<div class=\"wp-block-columns is-layout-flex wp-container-core-columns-layout-1 wp-block-columns-is-layout-flex\">\n<div class=\"wp-block-column is-layout-flow wp-block-column-is-layout-flow\" style=\"flex-basis:100%\">\n<div class=\"wp-block-file\"><a id=\"wp-block-file--media-04dec44e-c56b-481e-a023-c80cc39d259a\" href=\"https:\/\/taucheninschmelz.de\/wp-content\/uploads\/2022\/08\/final-TTU-Covid-FlowChart-Juli-22-Quartal-III.pdf\">final-TTU-Covid-FlowChart-Juli-22-Quartal-III<\/a><a href=\"https:\/\/taucheninschmelz.de\/wp-content\/uploads\/2022\/08\/final-TTU-Covid-FlowChart-Juli-22-Quartal-III.pdf\" class=\"wp-block-file__button wp-element-button\" download aria-describedby=\"wp-block-file--media-04dec44e-c56b-481e-a023-c80cc39d259a\">Herunterladen<\/a><\/div>\n<\/div>\n<\/div>\n\n\n\n<h2 class=\"wp-block-heading has-text-align-center\" id=\"TagdesSchwimmens\">Tag des Schwimmens <\/h2>\n\n\n\n<p>Die Abteilung Tauchen der SG-Schmelz bietet zum Tag des Schwimmens am 26.06.2022 von 14:00 Uhr bis 18:00 Uhr ein Schnuppertauchen f\u00fcr Kinder\/Jugendliche ab acht Jahren und Erwachsene an. Folgende Dokumente k\u00f6nnen zur Erleichterung des Ablaufs vorab ausgef\u00fcllt und mitgebracht werden:<\/p>\n\n\n\n<div class=\"wp-block-file\"><a id=\"wp-block-file--media-cd6ddb3b-350c-44c6-8c7c-75dae2e58271\" href=\"https:\/\/taucheninschmelz.de\/wp-content\/uploads\/2022\/05\/Einverstaendnis-Schnuppertauchen.pdf\">Einverst\u00e4ndnis Schnuppertauchen (nur bei Minderj\u00e4hrigen)<\/a><a href=\"https:\/\/taucheninschmelz.de\/wp-content\/uploads\/2022\/05\/Einverstaendnis-Schnuppertauchen.pdf\" class=\"wp-block-file__button wp-element-button\" download aria-describedby=\"wp-block-file--media-cd6ddb3b-350c-44c6-8c7c-75dae2e58271\">Herunterladen<\/a><\/div>\n\n\n\n<div class=\"wp-block-file\"><a id=\"wp-block-file--media-062aa58f-5301-4183-b74b-0f640c82be09\" href=\"https:\/\/taucheninschmelz.de\/wp-content\/uploads\/2022\/05\/Erklaerung_zum_Gesundheitszustand.pdf\">Erkl\u00e4rung zum Gesundheitszustand<\/a><a href=\"https:\/\/taucheninschmelz.de\/wp-content\/uploads\/2022\/05\/Erklaerung_zum_Gesundheitszustand.pdf\" class=\"wp-block-file__button wp-element-button\" download aria-describedby=\"wp-block-file--media-062aa58f-5301-4183-b74b-0f640c82be09\">Herunterladen<\/a><\/div>\n\n\n\n<p>Bei Fragen sind wir gerne per Mail an vorstand@taucheninschmelz.de erreichbar!<\/p>\n\n\n\n<h2 class=\"wp-block-heading has-text-align-center\">Vereinsfahrt nach Schuttern<\/h2>\n\n\n\n<div class=\"wp-block-file\"><a id=\"wp-block-file--media-69aeb76d-362d-4f0c-a626-2a831d648ae7\" href=\"https:\/\/taucheninschmelz.de\/wp-content\/uploads\/2022\/05\/Ausschreibung-Schuttern-2022-mit-Anhang.pdf\">Ausschreibung Schuttern 2022<\/a><a href=\"https:\/\/taucheninschmelz.de\/wp-content\/uploads\/2022\/05\/Ausschreibung-Schuttern-2022-mit-Anhang.pdf\" class=\"wp-block-file__button wp-element-button\" download aria-describedby=\"wp-block-file--media-69aeb76d-362d-4f0c-a626-2a831d648ae7\">Herunterladen<\/a><\/div>\n\n\n\n<h2 class=\"wp-block-heading has-text-align-center\">Vereinstauchen<\/h2>\n\n\n\n<p class=\"has-text-align-center\">Das Vereinstauchen findet dieses Jahr immer am letzten Sonntag eines Monats um 10:00 Uhr statt.<\/p>\n\n\n\n<h2 class=\"wp-block-heading has-text-align-center\">Antauchen am 23.04.2022<\/h2>\n\n\n\n<div class=\"wp-block-file\"><a id=\"wp-block-file--media-53e2cf99-febc-402f-9e1f-0015a86b5861\" href=\"https:\/\/taucheninschmelz.de\/wp-content\/uploads\/2022\/04\/Ausschreibung_Antauchen2022-1.pdf\" target=\"_blank\" rel=\"noreferrer noopener\">Ausschreibung Antauchen 2022<\/a><a href=\"https:\/\/taucheninschmelz.de\/wp-content\/uploads\/2022\/04\/Ausschreibung_Antauchen2022-1.pdf\" class=\"wp-block-file__button wp-element-button\" download aria-describedby=\"wp-block-file--media-53e2cf99-febc-402f-9e1f-0015a86b5861\">Herunterladen<\/a><\/div>\n\n\n\n<h2 class=\"wp-block-heading has-text-align-center\" id=\"Neuer-Vorstand\">Der neue Vorstand nach der Mitgliederversammlung am 20.03.2022<\/h2>\n\n\n\n<ul>\n<li>Abteilungsleiter:             Jonas Herrmann<\/li>\n\n\n\n<li>Stellv. Abteilungsleiter:  Tobias Herberg<\/li>\n\n\n\n<li>Ausbildungsleiter:          J\u00fcrgen Meier<\/li>\n\n\n\n<li>Ger\u00e4tewarte:                   Phillip Klein und Tanja Schaeidt<\/li>\n\n\n\n<li>Jugendwart:                    Jonas Herrmann<\/li>\n\n\n\n<li>Schriftf\u00fchrer:                   Tanja Schaeidt<\/li>\n<\/ul>\n\n\n\n<h1 class=\"wp-block-heading has-text-align-center\"><strong>Einladung zur Mitgliederversammlung der SG Schmelz e.V., Abteilung Tauchen<br>mit Neuwahlen des Abteilungsvorstandes<\/strong> am 20.03.2022!<\/h1>\n\n\n\n<div class=\"wp-block-file\"><a id=\"wp-block-file--media-0053b2a4-562d-4a15-b46f-15166cf5e008\" href=\"https:\/\/taucheninschmelz.de\/wp-content\/uploads\/2022\/02\/Einladung-zur-Mitgliedersammlung-mit-Neuwahlen.pdf\">Einladung zur Mitgliedersammlung mit Neuwahlen<\/a><a href=\"https:\/\/taucheninschmelz.de\/wp-content\/uploads\/2022\/02\/Einladung-zur-Mitgliedersammlung-mit-Neuwahlen.pdf\" class=\"wp-block-file__button wp-element-button\" download aria-describedby=\"wp-block-file--media-0053b2a4-562d-4a15-b46f-15166cf5e008\">Herunterladen<\/a><\/div>\n\n\n\n<p><\/p>\n\n\n\n<h2 class=\"wp-block-heading has-text-align-center\"><strong>Tauchflaschen T\u00dcV-Termine 2022<\/strong><\/h2>\n\n\n\n<p>02\/23.M\u00e4rz, 12 April, 04\/23.Mai, 13.Juni, 06\/27.Juli, 17.August, 07\/28.September, 19.Oktober, 09\/30.November, 21.Dezember<\/p>\n\n\n\n<h2 class=\"wp-block-heading\"><\/h2>\n","protected":false},"excerpt":{"rendered":"<p>Ausschreibung Schuttern 2026 Ausschreibung Antauchen 2026 Ausschreibung Abtauchen 2025 Ausschreibung Schuttern 2025 Ausschreibung Antauchen 2025 Einladung zur Mitgliederversammlung 2024 Ausschreibung Tagesfahrt Hunsfels 14.09.2024 Ausschreibung Abtauchen 2024 Ausschreibung Antauchen 2024 Ausschreibung Schuttern 2024 Mitgliederversammlung der SG Schmelz am 24.11.2023 Bericht zur Vereinsfahrt nach Schuttern Hier geht es zum Bericht: Vereinstauchen im Juni: Tagesfahrt nach Gravi\u00e8re du [&hellip;]<\/p>\n","protected":false},"author":3,"featured_media":50,"parent":0,"menu_order":0,"comment_status":"closed","ping_status":"closed","template":"","meta":{"footnotes":""},"_links":{"self":[{"href":"https:\/\/taucheninschmelz.de\/index.php?rest_route=\/wp\/v2\/pages\/79"}],"collection":[{"href":"https:\/\/taucheninschmelz.de\/index.php?rest_route=\/wp\/v2\/pages"}],"about":[{"href":"https:\/\/taucheninschmelz.de\/index.php?rest_route=\/wp\/v2\/types\/page"}],"author":[{"embeddable":true,"href":"https:\/\/taucheninschmelz.de\/index.php?rest_route=\/wp\/v2\/users\/3"}],"replies":[{"embeddable":true,"href":"https:\/\/taucheninschmelz.de\/index.php?rest_route=%2Fwp%2Fv2%2Fcomments&post=79"}],"version-history":[{"count":70,"href":"https:\/\/taucheninschmelz.de\/index.php?rest_route=\/wp\/v2\/pages\/79\/revisions"}],"predecessor-version":[{"id":887,"href":"https:\/\/taucheninschmelz.de\/index.php?rest_route=\/wp\/v2\/pages\/79\/revisions\/887"}],"wp:featuredmedia":[{"embeddable":true,"href":"https:\/\/taucheninschmelz.de\/index.php?rest_route=\/wp\/v2\/media\/50"}],"wp:attachment":[{"href":"https:\/\/taucheninschmelz.de\/index.php?rest_route=%2Fwp%2Fv2%2Fmedia&parent=79"}],"curies":[{"name":"wp","href":"https:\/\/api.w.org\/{rel}","templated":true}]}}